{"id":5906,"date":"2021-05-01T23:22:28","date_gmt":"2021-05-01T21:22:28","guid":{"rendered":"https:\/\/be.ambaguinee.org\/?page_id=5906"},"modified":"2021-05-06T18:54:22","modified_gmt":"2021-05-06T16:54:22","slug":"la-presidence-de-la-republique-de-guinee","status":"publish","type":"page","link":"https:\/\/be.ambaguinee.org\/?page_id=5906","title":{"rendered":"LA PR\u00c9SIDENCE DE LA R\u00c9PUBLIQUE DE GUIN\u00c9E"},"content":{"rendered":"\t\t<div data-elementor-type=\"wp-page\" data-elementor-id=\"5906\" class=\"elementor elementor-5906\" data-elementor-settings=\"[]\">\n\t\t\t\t\t\t\t<div class=\"elementor-section-wrap\">\n\t\t\t\t\t\t\t<section class=\"elementor-section elementor-top-section elementor-element elementor-element-93925ff elementor-section-boxed elementor-section-height-default elementor-section-height-default\" data-id=\"93925ff\" data-element_type=\"section\">\n\t\t\t\t\t\t<div class=\"elementor-container elementor-column-gap-default\">\n\t\t\t\t\t<div class=\"elementor-column elementor-col-100 elementor-top-column elementor-element elementor-element-6f9b1e9\" data-id=\"6f9b1e9\" data-element_type=\"column\">\n\t\t\t<div class=\"elementor-widget-wrap elementor-element-populated\">\n\t\t\t\t\t\t\t\t<div class=\"elementor-element elementor-element-e42ec8f elementor-widget elementor-widget-image\" data-id=\"e42ec8f\" data-element_type=\"widget\" data-widget_type=\"image.default\">\n\t\t\t\t<div class=\"elementor-widget-container\">\n\t\t\t\t\t\t\t\t\t\t\t\t\t\t\t<img loading=\"lazy\" width=\"470\" height=\"242\" src=\"https:\/\/be.ambaguinee.org\/wp-content\/uploads\/2021\/05\/Palais.jpg\" class=\"attachment-large size-large\" alt=\"\" decoding=\"async\" srcset=\"https:\/\/be.ambaguinee.org\/wp-content\/uploads\/2021\/05\/Palais.jpg 470w, https:\/\/be.ambaguinee.org\/wp-content\/uploads\/2021\/05\/Palais-300x154.jpg 300w\" sizes=\"(max-width: 470px) 100vw, 470px\" \/>\t\t\t\t\t\t\t\t\t\t\t\t\t\t\t<\/div>\n\t\t\t\t<\/div>\n\t\t\t\t<div class=\"elementor-element elementor-element-e3b8c23 elementor-tabs-view-horizontal elementor-widget elementor-widget-tabs\" data-id=\"e3b8c23\" data-element_type=\"widget\" data-widget_type=\"tabs.default\">\n\t\t\t\t<div class=\"elementor-widget-container\">\n\t\t\t\t\t<div class=\"elementor-tabs\">\n\t\t\t<div class=\"elementor-tabs-wrapper\" role=\"tablist\" >\n\t\t\t\t\t\t\t\t\t<div id=\"elementor-tab-title-2381\" class=\"elementor-tab-title elementor-tab-desktop-title\" aria-selected=\"true\" data-tab=\"1\" role=\"tab\" tabindex=\"0\" aria-controls=\"elementor-tab-content-2381\" aria-expanded=\"false\">Le Pr\u00e9sident de la R\u00e9publique<\/div>\n\t\t\t\t\t\t\t\t\t<div id=\"elementor-tab-title-2382\" class=\"elementor-tab-title elementor-tab-desktop-title\" aria-selected=\"false\" data-tab=\"2\" role=\"tab\" tabindex=\"-1\" aria-controls=\"elementor-tab-content-2382\" aria-expanded=\"false\">Le cabinet de la Pr\u00e9sidence<\/div>\n\t\t\t\t\t\t\t\t\t<div id=\"elementor-tab-title-2383\" class=\"elementor-tab-title elementor-tab-desktop-title\" aria-selected=\"false\" data-tab=\"3\" role=\"tab\" tabindex=\"-1\" aria-controls=\"elementor-tab-content-2383\" aria-expanded=\"false\">Le fonctionnement de la Pr\u00e9sidence<\/div>\n\t\t\t\t\t\t\t<\/div>\n\t\t\t<div class=\"elementor-tabs-content-wrapper\" role=\"tablist\" aria-orientation=\"vertical\">\n\t\t\t\t\t\t\t\t\t<div class=\"elementor-tab-title elementor-tab-mobile-title\" aria-selected=\"true\" data-tab=\"1\" role=\"tab\" tabindex=\"0\" aria-controls=\"elementor-tab-content-2381\" aria-expanded=\"false\">Le Pr\u00e9sident de la R\u00e9publique<\/div>\n\t\t\t\t\t<div id=\"elementor-tab-content-2381\" class=\"elementor-tab-content elementor-clearfix\" data-tab=\"1\" role=\"tabpanel\" aria-labelledby=\"elementor-tab-title-2381\" tabindex=\"0\" hidden=\"false\">Son Excellence Alpha Cond\u00e9 est le Pr\u00e9sident de la R\u00e9publique de Guin\u00e9e depuis le 21 d\u00e9cembre 2010, date de son investiture.\nN\u00e9 le 4 mars 1938 \u00e0 Bok\u00e9 (Basse-Guin\u00e9e), Alpha Cond\u00e9 a \u00e9t\u00e9 contraint \u00e0 l\u2019exil comme bon nombre de ses compatriotes sous le r\u00e9gime du Pr\u00e9sident S\u00e9kou TOURE.\nAncien Pr\u00e9sident de la f\u00e9d\u00e9ration des \u00e9tudiants d\u2019Afrique noire en France (FEANF), Alpha Cond\u00e9 est arriv\u00e9 en France \u00e0 15 ans. Il s\u2019inscrit au lyc\u00e9e Gambetta \u00e0 Toulouse, et termine au lyc\u00e9e Turgot, \u00e0 Paris. Docteur en droit, l\u2019ancien s\u00e9minariste du coll\u00e8ge des P\u00e8res de Conakry a \u00e9t\u00e9 professeur \u00e0 la Facult\u00e9 de droit et des sciences \u00e9conomiques, \u00e0 la Sorbonne.\n\nRest\u00e9 longtemps opposant en exil \u00e0 S\u00e9kou TOURE, dont le r\u00e9gime l\u2019avait condamn\u00e9 \u00e0 mort par contumace, il devient \u00e0 la disparition de celui-ci l\u2019opposant le plus farouche de son successeur, Lansana CONTE. Son intransigeance et sa constance envers les deux r\u00e9gimes lui ont valu le titre d\u2019 \u00bbopposant historique \u00bb. Il a consacr\u00e9 sa vie \u00e0 la mise en place d\u2019une d\u00e9mocratie plurielle en Guin\u00e9e.\n\nA son retour \u00e0 Conakry, en 1991, Alpha Cond\u00e9, \u00e0 la t\u00eate du Rassemblement du peuple de Guin\u00e9e (RPG), se bat pour la d\u00e9mocratie et pour le multipartisme. En 1993 il se pr\u00e9sente \u00e0 la pr\u00e9sidentielle. Il finit deuxi\u00e8me avec 20,5 % des voix. Le g\u00e9n\u00e9ral Cont\u00e9 est d\u00e9clar\u00e9 vainqueur avec 51,7 % des voix, tandis que les observateurs nationaux et internationaux charg\u00e9s de la supervision du scrutin d\u00e9noncent un fort climat de fraude et que l\u2019opposition conteste unanimement les r\u00e9sultats officiels. Les partisans de Cond\u00e9 s\u2019insurgent particuli\u00e8rement contre l\u2019annulation par la Cour supr\u00eame de la totalit\u00e9 des r\u00e9sultats pour les pr\u00e9fectures de Kankan et Siguiri, o\u00f9 Alpha Cond\u00e9 est fortement majoritaire. Cond\u00e9 demande \u00e0 ses militants de ne pas prendre le risque d\u2019entra\u00eener une guerre civile et de concentrer leurs efforts sur le scrutin suivant.\n\nLors de la prochaine \u00e9lection pr\u00e9sidentielle en 1998, il obtient 16,6 % des votes, le pla\u00e7ant troisi\u00e8me derri\u00e8re Lansana CONTE (56,1 %) et Mamadou Boye BAH (24,6 %). Quelques jours apr\u00e8s le scrutin et avant la proclamation des r\u00e9sultats, Alpha Cond\u00e9 est arr\u00eat\u00e9 et condamn\u00e9 \u00e0 5 ans de prison pour \u00ab atteinte \u00e0 l\u2019autorit\u00e9 de l\u2019\u00c9tat et \u00e0 l\u2019int\u00e9grit\u00e9 du territoire national \u00bb. Son proc\u00e8s a \u00e9t\u00e9 jug\u00e9 par l\u2019opinion nationale et internationale d\u2019\u2019\u2019in\u00e9quitable\u2019\u2019. Il est lib\u00e9r\u00e9 par gr\u00e2ce pr\u00e9sidentielle le 18 mai 2001.\n\nApr\u00e8s la mort de Lansana CONTE, en d\u00e9cembre 2008, et la prise du pouvoir par la junte militaire, conduite par Dadis CAMARA, Alpha CONDE centre son action politique sur le retour \u00e0 un pouvoir civil et la tenue d\u2019\u00e9lections justes et transparentes. En f\u00e9vrier 2010, il annonce \u00e0 Conakry la candidature de son parti pour le scrutin pr\u00e9sidentiel de juin. Combattant inlassable de la d\u00e9mocratie en Guin\u00e9e, Alpha Cond\u00e9 est finalement port\u00e9 au pouvoir le 15 novembre 2010, \u00e0 la suite du premier scrutin libre depuis l\u2019ind\u00e9pendance.\n\nAlpha CONDE est l\u2019auteur de plusieurs ouvrages et publications.\nIl avait d\u00e9j\u00e0 publi\u00e9 en 1972 : \u00ab Guin\u00e9e, Albanie d\u2019Afrique ou n\u00e9o-colonie am\u00e9ricaine \u00bb, dans lequel il pr\u00e9sentait sa vision de l\u2019histoire politique et \u00e9conomique du pays.\nEn juin 2010, Alpha Cond\u00e9 publie un livre d\u2019entretiens en collaboration avec Jean Bothorel, \u00ab Un africain engag\u00e9 : ce que je veux pour la Guin\u00e9e \u00bb. Il y raconte son parcours politique et ses ambitions pour la Guin\u00e9e en tant que candidat \u00e0 la magistrature supr\u00eame pour le premier scrutin pr\u00e9sidentiel r\u00e9ellement d\u00e9mocratique de l\u2019histoire de la Guin\u00e9e.<\/div>\n\t\t\t\t\t\t\t\t\t<div class=\"elementor-tab-title elementor-tab-mobile-title\" aria-selected=\"false\" data-tab=\"2\" role=\"tab\" tabindex=\"-1\" aria-controls=\"elementor-tab-content-2382\" aria-expanded=\"false\">Le cabinet de la Pr\u00e9sidence<\/div>\n\t\t\t\t\t<div id=\"elementor-tab-content-2382\" class=\"elementor-tab-content elementor-clearfix\" data-tab=\"2\" role=\"tabpanel\" aria-labelledby=\"elementor-tab-title-2382\" tabindex=\"0\" hidden=\"hidden\">La Pr\u00e9sidence de la R\u00e9publique de Guin\u00e9e a \u00e9t\u00e9 r\u00e9organis\u00e9e par le d\u00e9cret no 050 du 28 f\u00e9vrier 2011. Selon ce d\u00e9cret, la Pr\u00e9sidence de la R\u00e9publique comprend l\u2019ensemble des services destin\u00e9s \u00e0 permettre au chef d\u2019\u00c9tat d\u2019assumer ses missions constitutionnelles : concevoir et orienter la politique g\u00e9n\u00e9rale de la nation, impulser et contr\u00f4ler l\u2019action gouvernementale, assurer le fonctionnement r\u00e9gulier des pouvoirs publics et la continuit\u00e9 de l\u2019\u00c9tat.\nLa Pr\u00e9sidence de la R\u00e9publique comprend :\n\nLe Cabinet Civil\nLe Secr\u00e9tariat g\u00e9n\u00e9ral de la Pr\u00e9sidence\nL\u2019\u00c9tat-major particulier du Pr\u00e9sident de la R\u00e9publique\nLes organismes sp\u00e9cialis\u00e9s<\/div>\n\t\t\t\t\t\t\t\t\t<div class=\"elementor-tab-title elementor-tab-mobile-title\" aria-selected=\"false\" data-tab=\"3\" role=\"tab\" tabindex=\"-1\" aria-controls=\"elementor-tab-content-2383\" aria-expanded=\"false\">Le fonctionnement de la Pr\u00e9sidence<\/div>\n\t\t\t\t\t<div id=\"elementor-tab-content-2383\" class=\"elementor-tab-content elementor-clearfix\" data-tab=\"3\" role=\"tabpanel\" aria-labelledby=\"elementor-tab-title-2383\" tabindex=\"0\" hidden=\"hidden\">Le Cabinet Civil du Pr\u00e9sident de la R\u00e9publique : a pour mission de g\u00e9rer l\u2019agenda du Pr\u00e9sident de la R\u00e9publique, de superviser l\u2019organisation mat\u00e9rielle des d\u00e9placements du Pr\u00e9sident, d\u2019assurer le suivi des relations du Pr\u00e9sident avec les formations politiques, la soci\u00e9t\u00e9 civile et les confessions religieuses.\n\nLe Secr\u00e9tariat g\u00e9n\u00e9ral de la Pr\u00e9sidence : a pour mission d\u2019assister le Pr\u00e9sident de la R\u00e9publique dans la formulation des choix strat\u00e9giques du pays, de pr\u00e9parer les d\u00e9cisions du Pr\u00e9sident par la mise \u00e0 disposition d\u2019une information r\u00e9guli\u00e8re et compl\u00e8te sur l\u2019action du gouvernement et sur la situation du pays, de v\u00e9rifier la r\u00e9gularit\u00e9 juridique des actes soumis \u00e0 la signature du Pr\u00e9sident, d\u2019assurer la pr\u00e9paration des correspondances du Pr\u00e9sident, et de veiller \u00e0 l\u2019application de ses d\u00e9cisions.\n\nL\u2019\u00c9tat-major particulier du Pr\u00e9sident de la R\u00e9publique: dirig\u00e9 par un chef d\u2019\u00e9tat-major. Il a pour mission de pr\u00e9parer, en relation avec le directeur de cabinet et le Secr\u00e9taire g\u00e9n\u00e9ral de la Pr\u00e9sidence, les d\u00e9cisions du Pr\u00e9sident en mati\u00e8re de d\u00e9fense et les r\u00e9unions du conseil sup\u00e9rieur de la d\u00e9fense nationale, d\u2019assister le Pr\u00e9sident de la R\u00e9publique dans ses relations avec les \u00e9tats -majors et les services des diff\u00e9rentes arm\u00e9es \u00e0 travers le Minist\u00e8re de la D\u00e9fense nationale, de participer \u00e0 l\u2019organisation des honneurs militaires \u00e0 rendre au Pr\u00e9sident de la R\u00e9publique et aux chefs d\u2019\u00c9tats \u00e9trangers lors des c\u00e9r\u00e9monies officielles.\n\nLes organismes sp\u00e9cialis\u00e9s: directement rattach\u00e9s au Pr\u00e9sident sont :\n\n\u2013 La Chancellerie des ordres nationaux,\n\n\u2013 La Banque Centrale,\n\n\u2013 L\u2019Agent Judiciaire de l\u2019\u00c9tat,\n\n\u2013 Le Secr\u00e9tariat du Conseil Sup\u00e9rieur de la Magistrature,\n\n\u2013 La Direction du Patrimoine b\u00e2ti public,\n\n\u2013 L\u2019administration et le contr\u00f4le des grands projets.<\/div>\n\t\t\t\t\t\t\t<\/div>\n\t\t<\/div>\n\t\t\t\t<\/div>\n\t\t\t\t<\/div>\n\t\t\t\t\t<\/div>\n\t\t<\/div>\n\t\t\t\t\t\t\t<\/div>\n\t\t<\/section>\n\t\t\t\t\t\t<\/div>\n\t\t\t\t\t<\/div>\n\t\t","protected":false},"excerpt":{"rendered":"<p>Le Pr\u00e9sident de la R\u00e9publique Le cabinet de la Pr\u00e9sidence Le fonctionnement de la Pr\u00e9sidence Le Pr\u00e9sident de la R\u00e9publique Son Excellence Alpha Cond\u00e9 est le Pr\u00e9sident de la R\u00e9publique de Guin\u00e9e depuis le 21 d\u00e9cembre 2010, date de son investiture. N\u00e9 le 4 mars 1938 \u00e0 Bok\u00e9 (Basse-Guin\u00e9e), Alpha Cond\u00e9 a \u00e9t\u00e9 contraint \u00e0 &hellip;<\/p>\n","protected":false},"author":1,"featured_media":0,"parent":0,"menu_order":0,"comment_status":"closed","ping_status":"closed","template":"","meta":{"footnotes":""},"_links":{"self":[{"href":"https:\/\/be.ambaguinee.org\/index.php?rest_route=\/wp\/v2\/pages\/5906"}],"collection":[{"href":"https:\/\/be.ambaguinee.org\/index.php?rest_route=\/wp\/v2\/pages"}],"about":[{"href":"https:\/\/be.ambaguinee.org\/index.php?rest_route=\/wp\/v2\/types\/page"}],"author":[{"embeddable":true,"href":"https:\/\/be.ambaguinee.org\/index.php?rest_route=\/wp\/v2\/users\/1"}],"replies":[{"embeddable":true,"href":"https:\/\/be.ambaguinee.org\/index.php?rest_route=%2Fwp%2Fv2%2Fcomments&post=5906"}],"version-history":[{"count":26,"href":"https:\/\/be.ambaguinee.org\/index.php?rest_route=\/wp\/v2\/pages\/5906\/revisions"}],"predecessor-version":[{"id":7145,"href":"https:\/\/be.ambaguinee.org\/index.php?rest_route=\/wp\/v2\/pages\/5906\/revisions\/7145"}],"wp:attachment":[{"href":"https:\/\/be.ambaguinee.org\/index.php?rest_route=%2Fwp%2Fv2%2Fmedia&parent=5906"}],"curies":[{"name":"wp","href":"https:\/\/api.w.org\/{rel}","templated":true}]}}